y y.
11
Suppose 0 = 4*r - 8. Suppose 0 = -3*y - 2*y + 4*d + 107, -2*y + 42 = -r*d. Calculate the remainder when 67 is divided by y.
21
Let x(s) = 49*s. What is the remainder when x(1) is divided by 26?
23
Let x be 23/5 - (-26)/65. Suppose 0 = m - x*m + 32. Calculate the remainder when 29 is divided by m.
5
Let m = -1 - 25. Let c = -10 - m. Suppose 3*h = 12 + 15. Calculate the remainder when c is divided by h.
7
Suppose -2*y + 8 = -8. What is the remainder when 778/y - (-3)/(-12) is divided by 25?
22
Suppose 5*p - 86 = 3*z, 2*p + 2*z + 52 = 5*p. Calculate the remainder when p is divided by 6.
4
Suppose -p + 24 = 2*p. Let x = 13 + -10. What is the remainder when p is divided by x?
2
Let f = -10 - -20. Calculate the remainder when f is divided by 7.
3
Suppose -3*y = 2*d + 2*d + 7, -3*y - 9 = 3*d. Suppose -3*l = -11 - 4. Calculate the remainder when l is divided by d.
1
Let m be (-396)/(-15) + 10/(-25). Let g = 44 - m. Calculate the remainder when g is divided by 10.
8
Suppose -4*d + 0*u - 2*u + 6 = 0, -3*u = 9. Suppose -d*t = 4*f + 7, 6*f - 5*f = -4. What is the remainder when (-26)/(-7) - 4/(-14) is divided by t?
1
Suppose 4*n - 100 = w, n - 5*w + 2*w - 36 = 0. Let g = 5 - 3. What is the remainder when -3 - (n/(-1))/3 is divided by g?
1
Let g(p) = -2*p**2 - 7*p + 10. Let x be g(-7). Let v = -8 - x. Calculate the remainder when v is divided by 16.
15
Let q = 16 - 6. Calculate the remainder when 19 is divided by q.
9
Suppose b + 3 + 3 = l, -5*l = 5*b - 20. Let t = -1 + 13. What is the remainder when t is divided by l?
2
Suppose 4*m - 66 - 26 = 0. Let q = -10 - -16. Calculate the remainder when m is divided by q.
5
Let b(f) = -f**3 + 8*f**2 - 4*f - 7. Let g be b(6). Suppose 149 = 5*i - g. What is the remainder when i is divided by 13?
12
Let y(o) = 9*o**2 + 4*o + 3. Let h be y(-2). Suppose -x = -0 - h. Let m = x - 18. What is the remainder when m is divided by 5?
3
Suppose -27*t = -25*t - 322. Calculate the remainder when t is divided by 18.
17
Let u(r) = 7*r**2 - 2*r - 8. Let k(t) = -t**2 + t + 1. Let w(d) = 4*k(d) + u(d). What is the remainder when w(3) is divided by 15?
14
Let b = 160 + -81. What is the remainder when b is divided by 20?
19
Suppose -u + 50 = -6. What is the remainder when u is divided by 15?
11
Suppose 0 = 3*y - y + 18. Let d = y + 19. What is the remainder when d is divided by 6?
4
Suppose 4*j + 8 = 2*z - z, z + 2*j = -10. Calculate the remainder when 24 + (1/(-1) - -3) is divided by z/(-18) + 158/18.
8
Let j = 215 + -183. What is the remainder when j is divided by 12?
8
Suppose 0 = 3*m - m - 8. Suppose 4 + 7 = 5*t + c, t - 6 = -m*c. What is the remainder when 5 is divided by t?
1
Suppose 0 = -h - 2 + 5. What is the remainder when 9 is divided by h?
0
Suppose -5*f = 4 - 34. Suppose -3*l - 63 = -f*l. Suppose 2*t + 0*t - 79 = -3*k, 2*t - k = 83. What is the remainder when t is divided by l?
20
Let p(b) = -b**3 + 2*b + 3. Let m be p(-2). Suppose -4*y - m = -3*c - 2, y = 1. What is the remainder when c is divided by 3?
0
Let i = 1 + 2. Suppose 4*g + 0 = 16. Suppose q - 10 = -g*q. What is the remainder when i is divided by q?
1
Let d = 1 - -13. Suppose 4*c + y = 107, -115 = -10*c + 5*c + 5*y. What is the remainder when c is divided by d?
12
Suppose -12*z = -165 + 45. Let s(c) = -5*c - 2. Calculate the remainder when s(-6) is divided by z.
8
Suppose 4*h + 276 = 720. Calculate the remainder when h is divided by 16.
15
Suppose -3*x + 165 = 2*x. What is the remainder when x is divided by 18?
15
Calculate the remainder when (6 - 8)/(2/(-59)) is divided by 16.
11
Let r(v) = 38*v + 1. What is the remainder when r(1) is divided by (-2 + 12/4)*10*2?
19
Let f(x) = 14*x**2 - 1. What is the remainder when 36 is divided by f(-1)?
10
What is the remainder when 2 - -15 - -2*2 is divided by 10?
1
Let m(q) = -q**2 - 11*q - 8. Suppose 5*s + 50 = -4*t, 0*t + 10 = -s + t. What is the remainder when m(s) is divided by 2?
0
Suppose 8 + 0 = -4*h. Let b = h - -7. Calculate the remainder when 8 is divided by b.
3
Suppose -68 = -5*p - 5*k - 18, 4*k = 2*p - 2. Calculate the remainder when 54 is divided by p.
5
Suppose 2*r + 64 = 6*r. Let m = 18 - -45. Calculate the remainder when m is divided by r.
15
Let v(z) = 2*z**2 + 2*z + 1. Let w be v(-2). Suppose -2*h + w*h = 42. Calculate the remainder when 40 is divided by h.
12
Suppose 1 = 2*q - 1. Let p(a) = 3*a - 5 + q + a**2 + a. What is the remainder when 50 is divided by p(3)?
16
Let g = 313 + -192. What is the remainder when g is divided by 31?
28
Let p = 49 + -81. Let k = -1 - p. What is the remainder when 91 is divided by k?
29
Let m = -2 + 45. Let g = 12 + -1. Calculate the remainder when m is divided by g.
10
Let a = -16 - -10. Let r be (105/(-9))/((-2)/a). Let y = r + 69. What is the remainder when y is divided by 12?
10
Let i(d) = 2*d**2 + 4*d - 8. What is the remainder when 21 is divided by i(-4)?
5
Let b = 56 - 36. Calculate the remainder when b is divided by 7.
6
Suppose -6*l = -8 - 16. Calculate the remainder when 25 is divided by l.
1
Let h(i) be the second derivative of i**4/12 + i**3/6 + i**2/2 + i. Let q be (2/(-6))/(3/9). Calculate the remainder when 2 is divided by h(q).
0
Calculate the remainder when 60 is divided by 1 + 4/(-8)*-16.
6
Let a = -149 + 160. Suppose -2*l + 30 = 3*l. What is the remainder when a is divided by l?
5
Let l(i) = -12*i - 45. What is the remainder when l(-12) is divided by 5?
4
Let w = 9 - 2. Suppose d - 5*t = 27, -t = 4*d - 20 - 25. Calculate the remainder when d is divided by w.
5
Let g(x) = 7*x**2 + 6*x - 6. Let y be g(4). Suppose -3*b = r - y + 10, 2*b = -4*r + 90. What is the remainder when b is divided by 14?
11
Let g(u) = u**2 + 4*u + 3. Let r be g(-3). Suppose -d + 5*q + 6 = r, d - 2*q - 2*q - 4 = 0. Let l = d - -19. What is the remainder when l is divided by 8?
7
Let k(r) = -1 + 4 + 2*r + 2*r. What is the remainder when k(3) is divided by 9?
6
Let z(h) = -2*h + 38. What is the remainder when 26 is divided by z(11)?
10
Let l = 68 + -47. What is the remainder when l is divided by 6?
3
Suppose -4*q - 6*r + 9*r + 106 = 0, -2*r = -5*q + 129. Calculate the remainder when 67 is divided by q.
17
Suppose 0 = -2*l - 2*d - 16, 2*d = -3*l - 0*d - 20. What is the remainder when ((-2)/l)/(2/32) is divided by 3?
2
Let s be -22*(-1*4 + 2). Suppose 2*n = -5*k + 152, -2*k + n = 6*n - s. Calculate the remainder when k is divided by (-2 + 19)*(0 - -1).
15
Suppose t - 7 = -c, -27 = -5*c + t - 4*t. Suppose -19 = c*g - 97. Let p(h) = 2*h**2 - 5*h + 2. Calculate the remainder when g is divided by p(4).
12
Let q(g) = -3*g + 10. Let j(o) = -6*o + 21. Let n(u) = 3*j(u) - 7*q(u). Let x = 21 + -14. What is the remainder when n(6) is divided by x?
4
Let u = -15 - -15. Suppose -d + 11 = -c, -3*d - 3*c = -u - 39. Calculate the remainder when 23 is divided by d.
11
Let b be (-5 - -8)*(-1)/(-1). Suppose 7 + 14 = 4*x - 5*d, -b*d - 3 = 0. Let n = 19 + -8. Calculate the remainder when n is divided by x.
3
Let j = 31 - 15. What is the remainder when 62 is divided by j?
14
Suppose -4*m = m - 105. Calculate the remainder when 494/8 + 2/8 is divided by m.
20
Calculate the remainder when 55 is divided by (304/(-32))/(1/(-2)).
17
Suppose -5*b + b = -300. Suppose -m = -6*m + b. Suppose 0 = 107*t - 111*t + 172. What is the remainder when t is divided by m?
13
Let l(b) = b - 1. Let y be l(4). Suppose y*f - 45 = 9. Calculate the remainder when 69 is divided by f.
15
Suppose 2*i = -4*x + 142, 0*x - 3*x + 222 = 3*i. What is the remainder when i is divided by 10?
7
Suppose 0 = -5*c + c - 100. Let j = 38 + c. Suppose -2*r - 5*a - 1 = -5*r, 3*r - 3*a = 9. Calculate the remainder when j is divided by r.
6
Suppose -s - 270 = -5*z, 62 = z + 5*s + 8. Let u(m) = 4*m + 7. What is the remainder when z is divided by u(3)?
16
What is the remainder when ((-20)/(-5))/8*118 is divided by 19?
2
Let i = 79 + -59. Calculate the remainder when i is divided by 3.
2
What is the remainder when (-29 - 4)*6/(-3) is divided by 23?
20
Suppose 90 = t + 4*t. Suppose -476 = -13*r - 21. Calculate the remainder when r is divided by t.
17
What is the remainder when 0/2 + 57/3 is divided by 4?
3
Let n(k) = -2*k - 15. Calculate the remainder when 33 is divided by n(-12).
6
Suppose -4*o - 29 = -85. What is the remainder when 25 is divided 